 - 5 - 13*h - 7*h. Let t be r(-2). Let q = 61 - t. What is the remainder when 196 is divided by q?
16
What is the remainder when 60/(-42) + (-18108)/(-63) is divided by 24/(-10)*(-15)/2?
16
Suppose 282*s = -5*y + 284*s + 370, 5*s = 2*y - 148. What is the remainder when 108 is divided by y?
34
Let g(l) = -299*l - 1257. Calculate the remainder when g(-13) is divided by 56.
54
Suppose 3*d = 13 - 7. Suppose 5*h + d*o = 72, -10*o = -h - 5*o + 36. What is the remainder when 93 is divided by h?
13
Let h = -2 + 40. Let b = 87234 - 87128. Calculate the remainder when b is divided by h.
30
Suppose 0 = 228*t - 183*t - 5265. Let b(h) = h**3 + 5*h**2 - 5*h + 7. Let c be b(-6). What is the remainder when t is divided by -1 + 3 + 22/c?
21
Suppose 3*f = 5*o + 3137, -3*f + 8*o - 5*o = -3135. Suppose -p + f = 5*k, -p - 162 = -4*k + 666. What is the remainder when k is divided by 65?
13
Suppose -6*b = -9*b + 30, -5*k = b - 1625. Calculate the remainder when k is divided by (13 - -1) + (0 - 2).
11
Suppose 613*y - 996930 = 83*y. What is the remainder when y is divided by 30?
21
Suppose 21*b - 93*b = 96*b - 3864. What is the remainder when 29 is divided by b?
6
Let i(j) = j + 722 - 723 + 9*j**2 + 0*j**2. Let m be i(1). What is the remainder when 46 is divided by (m/4)/1*(-48)/(-9)?
10
Suppose -6*s = -15555 + 14925. Calculate the remainder when s is divided by 104.
1
Let w(m) = -m**3 + 27*m**2 + 2516*m - 51. What is the remainder when w(65) is divided by 147?
146
Let o = -2639 - -2661. What is the remainder when 190 is divided by o?
14
Suppose -s - 4575 = 4*k, 5*s - 148 - 2123 = 2*k. Let g = k + 1149. Let p = 30 - 15. Calculate the remainder when p is divided by g.
3
Let x be ((-126)/(-105))/((-2)/(-5)). Suppose 0 = -2*c - x + 21. What is the remainder when c is divided by (-90)/9 + 6 + 7?
0
Suppose 3*x - 755 = -2*k, k + 3*k - 1490 = -2*x. Calculate the remainder when 58 is divided by k/74 + (38 - 1).
16
Let k(l) = l**2 + l - 1. Let o be k(6). Let z = o + -38. Let a = z - -29. What is the remainder when a is divided by 11?
10
Let r = 4334 - 2928. Calculate the remainder when r is divided by 1393.
13
Suppose 24*x - l = 19*x + 54, 0 = 3*x - 2*l - 24. Calculate the remainder when 3226 is divided by x.
10
What is the remainder when 1734 is divided by 5 + (-3 - (-65)/45)/(4/(-18))?
6
Calculate the remainder when (1/(-3))/(5/3) + 48447/35 is divided by 126.
124
Let x(s) = 119*s + 2*s**2 + s**2 + 3 - 132*s. Let w(j) = -j**2 + j + 1. Let d(p) = -4*w(p) - x(p). What is the remainder when 41 is divided by d(-11)?
11
Calculate the remainder when (-5847)/(-30) + ((-210)/(-14))/150 is divided by 40.
35
Let d(c) = -4*c**3 - 4*c**2 - 7*c + 1088. What is the remainder when d(0) is divided by 8?
0
Suppose -15*l + 16*l - 265 = -4*b, -5*l - 127 = -2*b. Let a be 571/7 - 24/42. Let p = a - b. Calculate the remainder when 54 is divided by p.
9
Suppose 6*i - i - w = 1621, 0 = 5*i - 4*w - 1624. What is the remainder when i is divided by 105?
9
Let z = 98 - 62. Suppose 5*l = 54 + z. Let t(x) = x**3 - 7*x**2 + 35. What is the remainder when t(7) is divided by l?
17
Calculate the remainder when (89 + -111)/(6/(-147)) is divided by 21.
14
Calculate the remainder when 1172 is divided by 3/((-84)/140 + (-72)/(-95)).
13
Suppose 2*k - 6 = 3*z, 3*z + 28 = 5*k + 4. What is the remainder when 521 is divided by k?
5
Let i(f) = 14*f - 163. Calculate the remainder when 287 is divided by i(12).
2
What is the remainder when 187360/25 + 6*(-14)/210 is divided by 20?
14
Suppose -4*q + 110 = 42. Let d(w) = w + 4. Let p be d(3). Suppose p*k - 11*k = -28. What is the remainder when q is divided by k?
3
Let i = 71 + -62. Let l be 1/(((-6)/(-5))/6). Suppose f - 2*n = 9, -3*f - l*n = -0*n - 27. Calculate the remainder when i is divided by f.
0
Suppose -11250*z - 918 = -11236*z - 2836. What is the remainder when 933 is divided by z?
111
Let g(p) = 29*p - 87. Let h be g(13). Suppose -14*c + h = -4*c. What is the remainder when 82 is divided by c?
24
Suppose 3*g - 3*x - 347 = 2*x, -3*x - 232 = -2*g. Let d = 152 + -90. Calculate the remainder when g is divided by d.
57
Suppose -10885 = -3*s - 4*p, 6*s - 10*s + 14564 = -p. Calculate the remainder when s is divided by 7.
6
Let l be -1 + (-3 - (1 - 32)). Suppose -l = -f - 2*r, f + r + 2*r = 25. Suppose 5*p = 9 + f. Calculate the remainder when 30 is divided by p.
6
Let h = -37 - -101. Suppose -i + 22 + 11 = -2*j, -3*i + h = j. What is the remainder when i is divided by (12 + 0)*2/4?
5
Let u = 12609 - 12511. Calculate the remainder when 3428 is divided by u.
96
Let u be ((-6)/(-30) - 8/(-10))*3. Suppose 3*k = -u*k + 114. What is the remainder when 71 is divided by k?
14
Let c be (-5)/(-15) + 3*(-1318)/(-18). Suppose 2*o + 0*x - 129 = x, -320 = -5*o + 3*x. Calculate the remainder when o is divided by 19/(285/c) - (-2)/(-3).
11
Let c = 29 + -20. Calculate the remainder when (6/9 + 4/6)/(11776/547584) is divided by c.
8
Suppose 24*f + 16653 = 1533. Let k = 896 + f. What is the remainder when k is divided by 67?
65
Let b = -16851 - -16879. What is the remainder when 1164 is divided by b?
16
Let r = -39 - -105. Suppose -70*q + 40 = -r*q. Calculate the remainder when q is divided by 2.
0
Let b(a) be the second derivative of 5/4*a**4 - 30*a + 5/2*a**2 + 0 - 1/6*a**3. What is the remainder when b(-2) is divided by 24?
19
Suppose 88*b - 86*b + 4*f - 104 = 0, -b = -4*f + 26. Suppose -2*x - 2*x = -140. Calculate the remainder when x is divided by b.
9
Let j(v) = 9*v**3 + 5*v**2 - 13. Let i(m) = 5*m**3 + 3*m**2 - 7. Let b(h) = -11*i(h) + 6*j(h). Calculate the remainder when 1 - 28*(1 - 2) is divided by b(-4).
14
Suppose -11*k = -187 - 572. What is the remainder when 1309 is divided by k?
67
Let j = -18450 + 18770. Calculate the remainder when j is divided by 149.
22
Let d(n) = n**3 - 2*n**2 - 8. Let g be d(4). Suppose 108 = -2*b + g. Let o = b + 69. What is the remainder when o is divided by 7?
6
Let m(n) = n**2 + n + 11. Let b = -185401 - -185484. What is the remainder when b is divided by m(0)?
6
Let u = -116 + 116. Suppose u = -4*c - 0*d + 3*d + 71, 0 = 2*c - d - 35. Let a(g) = 31*g**2 - g. What is the remainder when a(-1) is divided by c?
15
Let f = 194 - 178. Let l be 41 - 0/((-2)/2). Suppose f + l = m. Calculate the remainder when 226 is divided by m.
55
Let h = -207 - -225. Let j(z) be the second derivative of z**4/12 + z**3/6 + z**2/2 + 3*z. What is the remainder when h is divided by j(-2)?
0
Suppose -3*h - 957 = s - 2649, -2809 = -5*h + 2*s. What is the remainder when h is divided by 50?
13
Suppose 0 = 6*z - 1461 + 273. What is the remainder when z is divided by 67?
64
Suppose t + 145 = 2*k, -k = 5*t + 3854 - 3921. Calculate the remainder when 428 is divided by k.
68
Let t = -2217 + 2365. What is the remainder when t is divided by 32?
20
Let r(c) = 48*c**2 - 5*c + 5. Calculate the remainder when r(-2) is divided by 11.
9
Suppose -2*s + 420 = 3*t - 26, 2*s - 298 = -2*t. What is the remainder when t is divided by 10?
8
What is the remainder when 565 is divided by 5/(-3)*(-13)/((-780)/(-504))?
5
Let d(k) = -k**3 - 5*k**2 - 2*k - 144. What is the remainder when d(-10) is divided by 121?
13
Suppose 6*r = -2*t + r + 188, -5*r = -10. What is the remainder when t is divided by (80/(-96))/(1/(-30))?
14
Suppose 3*k = 5*k + 30. Calculate the remainder when 195 is divided by (-3)/(k/(-5))*-25.
20
Calculate the remainder when ((-22752)/384)/(2/(-96)) is divided by 73.
70
Suppose 4 = -w - 7. Let v(x) = x + 14. Let d be v(w). Suppose d*a - 153 = -3*s, 3*s + 189 = 4*a + 2*s. Calculate the remainder when a is divided by 10.
8
Let d be 20/9 + (-8)/36. Suppose -58 = -2*b + d*w, b - 5*w = -0*b + 13. Suppose -6*l + 381 = -3*l. Calculate the remainder when l is divided by b.
28
Let v = -3 - 14. Let k = 60 - v. Suppose -245*l = -1363 - 1822. Calculate the remainder when k is divided by l.
12
Let s be (-3)/(-9)*(-1 + 1 - 9). What is the remainder when 125/(-15)*(6*-1 - s) is divided by (3 - (3 - 4)) + 17?
4
Let m(c) = 13*c + 14. Let d(r) = 3*r - 61. Let u be d(20). What is the remainder when 5 is divided by m(u)?
0
Suppose 0 = -5*c - 3*p - 98 + 324, 4*c + p - 185 = 0. What is the remainder when 153 is divided by c?
12
Let i be (72/15)/(-1*(-12)/(-40)). Let o = i + 28. Calculate the remainder 